the remainder when (-128)/o - (-1 - -1) is divided by y.
10
Let m(o) be the second derivative of o**5/20 + 7*o**4/12 - 5*o**3/3 + 23*o**2/2 + 3*o - 16. Calculate the remainder when m(-5) is divided by 39.
6
Let h = 849 - 358. Calculate the remainder when h is divided by 253.
238
Suppose 3*y - 4148 = 5*j, 4*y + j - 1596 - 3973 = 0. Calculate the remainder when y is divided by 8.
7
Let n = 5737 + -5714. Calculate the remainder when 1943 is divided by n.
11
Let n = 2238 + -2164. Calculate the remainder when 564 is divided by n.
46
Suppose -1 = f, 16*f + 54 = i + 11*f. Let o = -6 + 7. What is the remainder when i is divided by (2 - (-7 - o))/1?
9
Suppose -4*m = -782*u + 777*u - 54, -5*u = m - 51. Let p = 198 - 95. Calculate the remainder when p is divided by m.
19
Let m(a) = -646*a - 4492. Calculate the remainder when m(-15) is divided by 3.
2
Suppose -7*s = -19*s + 48. What is the remainder when 206 is divided by (-9 - -11)/(s/16)?
6
Suppose w - 672 = -4*h, 0 = -2*h - 5*w - 0*w + 336. Calculate the remainder when h is divided by -3 + 38 + 12/3 + -5.
32
Suppose 4*d = -5*o + 83 - 7, -5*d + 2*o = -128. Let j = 5 + 131. What is the remainder when j is divided by d?
16
Let m = 469 - 464. Suppose -2*d = 6, w - 3*w + 345 = -m*d. What is the remainder when w is divided by 21?
18
Suppose 8*a - 2*a - 252 = 0. Let t = a - 9. Suppose u = 43 - t. What is the remainder when u is divided by 2?
0
Let r = 243 + -258. Let k(v) = v**3 + 16*v**2 + 9*v - 35. Suppose 0 = -4*a + 135 - 15. What is the remainder when k(r) is divided by a?
25
Suppose 19*k - 55 = 4334. Calculate the remainder when k is divided by 1/(-8) - 836/(-32).
23
Let q be ((-174)/9)/(3/(-9)). Suppose -18*h + q + 14 = 0. Let p = 5 - 2. What is the remainder when h is divided by p?
1
Suppose -13*p + 18185 = -72893. Calculate the remainder when p is divided by 163.
160
Let r = 11482 - 11365. Calculate the remainder when 1281 is divided by r.
111
Suppose 7*m = -4308 + 4364. What is the remainder when (-403)/(-4) + (-1)/(-4) is divided by m?
5
Suppose -741*n + 5538 = -599*n. Suppose 4*y - 342 + 26 = 0. What is the remainder when y is divided by n?
1
Let n = 0 - -2. Suppose 148 = n*a + 2*a. Suppose -22*r + 419 = 3*q - 18*r, 4*r + 16 = 0. What is the remainder when q is divided by a?
34
Suppose 4*q = 3*a - q - 137, -4*q - 139 = -3*a. What is the remainder when a is divided by ((-104)/40)/((-2)/10)?
10
Suppose 23*s - 24*s + 5*k = -40, 50 = 3*s - 5*k. Calculate the remainder when 3144 is divided by s.
4
Let d(h) = h**3 - h**2 + 2*h - 12. Let k be d(0). What is the remainder when 103 is divided by (-1)/(-3) + (-1)/(k/356)?
13
Let z = 12 + -12. Suppose 26 = 4*v - z*n + 2*n, 0 = n - 5. Suppose -v = -r + 1. Calculate the remainder when 18 is divided by r.
3
Calculate the remainder when (435/(-25))/((-54)/2880) is divided by 433.
62
Suppose -10*r - 16 = -12*r + 2*b, -2*b = 10. Let n(l) = -3*l + 1. Let c be n(2). Calculate the remainder when 21 is divided by (2 - 4/r)*(13 - c).
9
Let g = 23242 - 23140. Calculate the remainder when g is divided by 22.
14
Suppose 6 = 17*u - 28. Suppose -8*s = -u*s - 108. Calculate the remainder when 103 is divided by s.
13
Let b = 963 - 934. Suppose 2*h = h + 4. Suppose 4*y + h*i = 244, -5*y + i = 2*i - 285. Calculate the remainder when y is divided by b.
27
Suppose 175*x + 5*s = 176*x - 145, 4*s = -3*x + 454. Calculate the remainder when 1946 is divided by x.
146
Let z(t) = -67*t - 892. Calculate the remainder when z(-15) is divided by 19.
18
Let x be (174/(-10))/((-11)/110). Suppose 4*z = -q - x, -4*z + 6*z - q + 90 = 0. Let y = -32 - z. Calculate the remainder when 45 is divided by y.
9
Let m(p) = 4*p**2 - 5*p + 4. Suppose 2*l - 4*v - 34 - 92 = 0, 65 = l - 4*v. Calculate the remainder when m(6) is divided by l.
57
Let x = 461 - 229. Suppose 0 = -7*n + 790 + x. Let y(p) = -4*p**3 - p**2 + 2*p + 1. Calculate the remainder when n is divided by y(-2).
21
Let y(r) = r**2 - 9*r + 16. Let d be y(6). Let s(p) = -32*p + 20. Calculate the remainder when s(d) is divided by 23.
15
What is the remainder when -6 - (2/(-6) - 47460/45) is divided by 180?
149
Let c = 1181 - 594. Let j = c + -556. Calculate the remainder when 162 is divided by j.
7
Suppose -4*s = 5*f - 60, -4*f - 3*s = -6*f + 47. Suppose -24*a = -16*a - f. What is the remainder when 1*19 + (0 - 0) is divided by a?
1
Let d = 43 + -20. Let y = 8 + d. Suppose -73 = -z + y. What is the remainder when z is divided by 27?
23
Let q = 307 - 78. Calculate the remainder when q is divided by 37 - 1/3*(-1 + 13).
31
Suppose 17*q - 13*q - 64 = 0. Suppose -r - 4*b = -3*b - 12, -r - 3*b + q = 0. Calculate the remainder when 19 is divided by r.
9
Let b be 2*1*(-7 + 1079 + -4). Suppose 5*g - 13*g = -b. What is the remainder when g is divided by 15?
12
Suppose -14 = -2*g + 2*r - 0, 0 = 5*g + r - 11. Suppose h + g*m - 97 - 24 = 0, 4*m - 524 = -4*h. What is the remainder when h is divided by 35?
31
Suppose 26*l + 4*s + 52 = 30*l, 2*l - 30 = -2*s. What is the remainder when 35 is divided by l?
7
Let h = -4 + 13. Calculate the remainder when (4/(-5))/((-2)/555) is divided by h.
6
Let q = 11996 + -11972. Calculate the remainder when 357 is divided by q.
21
Calculate the remainder when (-607)/(-2) - (-5 + 11/2) is divided by 13.
4
Let s = -2 + 3. Let k be (-43 + s)*(-3 + 2). Suppose 4*c + 5*w - 63 = 0, -2*w - k = -c - 3*c. Calculate the remainder when 71 is divided by c.
11
Suppose 567*v - 570*v = -i - 6025, -2*v - 2*i = -4030. What is the remainder when v is divided by 27?
12
Suppose 0 = 5*j - 4*z - z, z + 6 = 4*j. Suppose -3*c + 32 + 29 = -2*n, 48 = j*c - 5*n. What is the remainder when 52 is divided by c?
14
Let y = -52 - -103. What is the remainder when y is divided by 2*-2*(-36)/16?
6
Suppose 156 - 174 = -55*l + 380 + 647. What is the remainder when 66 - 1/(1*-1) is divided by l?
10
Let b = -4279 - -4657. Calculate the remainder when b is divided by 21.
0
Let v(a) be the first derivative of -15*a**4/4 - 4*a**3/3 - 2*a**2 - 2*a - 3. Calculate the remainder when v(-2) is divided by 23.
18
Let i(m) = -393*m - 7. Let o be i(-5). Suppose 8*l + 3*l - o = 0. What is the remainder when l is divided by 20?
18
Let t = 150 - 139. Suppose -3*m + t*m - 104 = 0. Suppose -m*h + 292 = 32. Calculate the remainder when 56 is divided by h.
16
Suppose 75*l + 506*l + 284*l - 100358 + 6938 = 0. Let x = -25 - -47. What is the remainder when l is divided by x?
20
Let n be (-1014)/15 + (-6)/50*-5. Let q = 77 + n. Calculate the remainder when q is divided by 5.
0
Suppose -87*m = -80*m. Let r(o) = 18*o + 67. Calculate the remainder when 171 is divided by r(m).
37
Let t(z) = -3*z**2 + 50*z + 268. What is the remainder when t(20) is divided by 14?
12
Suppose 0 = 3*g + 2*y - 199, 57 = g + 29*y - 26*y. Let z(p) = 15*p**2 + 2*p + 1. Calculate the remainder when g is divided by z(-1).
13
Let o(u) = -136*u - 1. What is the remainder when o(-1) is divided by 5*3 + (-10 - -18)?
20
Let p(i) = i**2 + 2*i - 5. Let s be p(-6). Let x = s - -7. Suppose x*f - 21*f - 270 = 0. Calculate the remainder when 323 is divided by f.
53
Suppose 32 = 5*a - 18. Suppose -3*z + 2*z + a = 4*q, 3*q = -4*z + 14. Suppose 6 = 3*c - 9. Calculate the remainder when c is divided by q.
1
Suppose -193*x + 60495 + 76149 = 0. What is the remainder when x is divided by 5?
3
Let f be 8/12*1*-297*-1. Suppose -12*q + f = -6*q. Calculate the remainder when 163 is divided by q.
31
Let x = 39 + -33. Let v be 1*x*(-4)/(-12). Suppose 0 = -v*o - 50 + 180. Calculate the remainder when o is divided by 17.
14
Suppose 0 = -t + 2*a + 3837, 38*t - 37*t = -2*a + 3813. Calculate the remainder when t is divided by 22.
19
Suppose -9*p + 644 = 14*p. Suppose -16*t + p = -14*t. What is the remainder when t is divided by 4?
2
Calculate the remainder when 4940 is divided by -13 + (0 - 5) + 2485.
6
Suppose -1267 = -157*r + 164*r. Let x = 254 + r. Calculate the remainder when x is divided by 37.
36
Suppose -20*w = -1777 + 177. Suppose 68*n - 58*n = w. What is the remainder when 103 is divided by n?
7
Let b(l) = 1158*l - 1960. Calculate the remainder when b(6) is divided by 161.
158
Suppose 181*g = 176*g + 280. Calculate the remainder when 5/(80/168)*(-76)/(-6) is divided by g.
21
Suppose 6*a - a - 35 = 0. Calculate the remainder when (-101 